
Let s be -59 + 60 - 1*-4. Calculate the highest common factor of 5 and s.
5
Suppose -5*h - 336 + 2361 = 0. Calculate the greatest common divisor of h and 324.
81
Let x(r) = 3*r**2 + 15*r + 1. Let i be x(-6). Suppose j + 8 = 27. What is the highest common factor of j and i?
19
Let g = -62 - -83. Suppose 205*x + g = 208*x. Let v = -4 + 11. Calculate the highest common divisor of v and x.
7
Suppose 7*u - 37*u = -20*u - 1650. Suppose -2*o - 20 = -6*o. Suppose n - o*m - 81 = 0, 3*n + 19 - 208 = -3*m. What is the greatest common factor of n and u?
33
Let v = -21 - -28. Suppose -s + v + 9 = 0. Let f be (-40)/(-3)*24/5. Calculate the highest common factor of s and f.
16
Suppose -4*k + 5 = d - 47, -k = 5*d - 203. Calculate the highest common factor of d and 30.
10
Suppose -c + 103 + 62 = 0. Let g = c - 160. What is the greatest common divisor of g and 5?
5
Let r be 292*1*(35 - 34). Calculate the highest common factor of 219 and r.
73
Let a be -8 + 38 - (1 - -5). What is the highest common factor of 8 and a?
8
Let x(j) = 2*j**2 - 6*j + 6. Let u be x(6). Suppose m - 3*t = 0, -3*t = m + t - 14. What is the highest common divisor of u and m?
6
Suppose -53*q = -52*q - 30. Suppose 4*v = 3*v + 10. What is the greatest common factor of q and v?
10
Let z(o) = -o**3 + 15. Let y be z(0). Suppose 4*u - 127 = -b, 5*b - 3*u - 763 = -82. What is the highest common factor of b and y?
15
Suppose 0 = f + 4*p + 10, 26 + 2 = 4*f - p. Suppose 0*a + f = 3*a. Suppose 0*j + 5 = 3*j + 2*l, 4*j - 4*l = 0. What is the highest common factor of a and j?
1
Suppose g = 5*s + 85, 25*g - 22*g - 310 = 4*s. What is the highest common factor of 66 and g?
22
Let r = 9 + -8. Suppose r = 2*o - 5. Suppose -2*b + o*f = 3*b - 33, -3*f = -12. Calculate the highest common factor of 6 and b.
3
Let f(n) = 22*n - 21. Let p be f(3). What is the greatest common factor of 45 and p?
45
Suppose f = -m + 119, -103 = -m - 4*f - f. Let j = m - 108. Suppose r - 165 = -5*n, 0*n - 3*n = -3*r + 495. Calculate the highest common factor of j and r.
15
Let r(c) be the second derivative of c**4/12 + c**2/2 + 6*c. Let x be r(2). Suppose j = x - 1. Calculate the highest common factor of j and 4.
4
Suppose 0 = d + x - 42 - 113, d + 3*x = 159. What is the highest common divisor of d and 102?
51
Suppose 0 = 2*v - 3*w - 21, 0 = -4*w - 0*w + 4. Suppose -3*y - d + 20 = 0, 5*d + 11 - 33 = -2*y. What is the greatest common divisor of y and v?
6
Suppose -5*q = 2*t - 5*t - 5, 0 = 5*q + t - 25. Let i be 23 - (-2 + (3 - 7)/q). What is the greatest common factor of i and 104?
26
Suppose -i + 11 = -3*l, 0 = 6*l - 2*l - 5*i + 22. Let v = 84 + l. Let m be 16/(-6)*v/(-36). What is the greatest common factor of 2 and m?
2
Let p be 818/6 + 96/(-18) + 5. What is the greatest common factor of 102 and p?
34
Let j = -49 + 211. Calculate the highest common factor of j and 6.
6
Suppose -c + 4 + 14 = -5*f, 3*f = 3*c - 6. Let h be (-477)/(-18) + (-1)/c. What is the greatest common factor of 9 and h?
9
Let z(q) = 3 + 1 - q - 5 + 13*q**2 - q. Let l be z(-1). Suppose j - 5*w - 2 - 36 = 0, -l = -j - w. Calculate the greatest common divisor of 6 and j.
6
Suppose l + 7 = 2*w, 3*l + 3*w = -l - 50. Let h(a) = -a - 5 - 4 + 2 + 6. Let g be h(l). Calculate the greatest common factor of 4 and g.
2
Suppose -y - 45 = 3*b, -2*b - 15 = -b + y. Suppose -160 = -5*i - 35. Let h = b + i. What is the highest common divisor of h and 2?
2
Let t = 444 + 1838. What is the greatest common factor of 14 and t?
14
Suppose -3*q = -m + 21, m = 6*q - q + 25. Let a be 8/20 + 954/m. Calculate the highest common divisor of 16 and a.
16
Let h(a) = -a**3 - 13*a**2 - 14*a - 15. Let i be h(-12). Let t(m) = 6*m - 9. Let b be t(18). What is the greatest common divisor of i and b?
9
Let a be (-4)/(-10) + (-773)/(-5). Suppose 5*p - 370 = -9*p + 64. Calculate the highest common factor of a and p.
31
Let i = 186 + -62. What is the highest common factor of 62 and i?
62
Let l(c) = c + 362. Let w be l(-12). What is the greatest common divisor of w and 150?
50
Suppose -3*p = -10*p - 28. Let f be p*(3 + 65/(-20)). Calculate the greatest common factor of f and 1.
1
Let u be (21/6 - 3)/((-13)/(-4212)). Calculate the greatest common divisor of u and 126.
18
Let g be (-7)/(10/28 - 1/2). Let d = 60 - g. Calculate the highest common divisor of 1 and d.
1
Suppose 5*l - g = -2 + 165, -g = -4*l + 131. Calculate the highest common factor of 4 and l.
4
Let y be (-30)/(-7) - (-28)/(-98). Suppose -40 = -3*m + 2*v, 5*m - 2*m - 28 = -y*v. Calculate the highest common factor of m and 3.
3
Let i(z) = z**3 + 5*z**2 - 15*z + 28. Let t be i(-7). Suppose -283 = -2*f + 3*y, 0*f = 4*f + y - 559. Calculate the greatest common factor of t and f.
35
Suppose 2*d = 9*d - 770. Calculate the greatest common divisor of 1430 and d.
110
Let d(l) = -2*l**3 - 4*l**2 - 7*l - 24. Let b be d(-9). What is the highest common factor of 51 and b?
51
Let r be (-152)/266 - 501/(-7). What is the highest common factor of r and 213?
71
Let n be (1 + 0)*2 - -220. Let a be (-4)/6 + n/9. Let i be 121 + (12 + -10)*(-1)/2. What is the highest common divisor of a and i?
24
Let p(b) = 2*b - 2. Let o be p(3). Suppose 5*l + d = 59, -d = -o - 0. Let g = -3029 - -3040. What is the greatest common divisor of g and l?
11
Let c = -566 - -801. What is the greatest common divisor of c and 799?
47
Let y = 533 + -524. Calculate the greatest common divisor of 171 and y.
9
Let l be 10/3*228/5. Let j = l + -83. What is the highest common divisor of j and 23?
23
Let w(x) = 1 + 11*x**3 + x**2 - x + 0 - 8*x**3. Let r be w(1). Suppose -1 + 13 = 3*d. Calculate the greatest common factor of d and r.
4
Suppose 2*j - 1284 = 4*k, 2*j + k = 39 + 1255. What is the highest common divisor of j and 102?
34
Suppose 36*f - 1767 = 17*f. What is the greatest common factor of 341 and f?
31
Suppose -87 = -3*r - 5*v, -v - 75 = -3*r - 2*v. What is the highest common divisor of 128 and r?
8
Let t(n) = n**2 - 14*n + 61. Let i be t(9). What is the highest common divisor of 64 and i?
16
Suppose 0 = 3*o - 15*o + 1152. What is the greatest common factor of o and 1248?
96
Suppose -5*c + a + 53 + 3 = 0, 1 = -a. Suppose -59 = -g + 54. Suppose x - 2*w - g = 0, -625 = -5*x - 2*w - 3*w. What is the highest common divisor of c and x?
11
Let h = -17 + 19. Suppose 4*r - 121 = 3*s, -r = s - h*s - 30. What is the highest common divisor of r and 124?
31
Suppose -7*a - 116 = -3*l - 2*a, -4*l = -3*a - 162. Calculate the greatest common divisor of l and 434.
14
Let z be 23 - 3 - 8/4. What is the highest common divisor of z and 162?
18
Let s(j) = 23*j + 1. Let x be s(24). Calculate the greatest common factor of 14 and x.
7
Let h be (11/3)/(-9 - (-440)/48). Calculate the highest common factor of h and 297.
11
Let z be (-10)/2 - (-1 - 6). Suppose z*t - 2*n = 4*t + 6, 5*t + 2*n = -3. Calculate the highest common factor of 1 and t.
1
Let u be (-8)/(-12) + (-4020)/(-18). Calculate the highest common divisor of 7 and u.
7
Let y(h) = h**3 + 8*h**2 + 2*h + 11. Let a be y(-8). Let k = a + 24. Calculate the greatest common factor of k and 19.
19
Let t(r) = -5*r + 40. Let a be t(7). Suppose -4*p + 22 = a*h, 0 = -5*p - 3*h + 4*h + 13. Calculate the highest common factor of p and 15.
3
Let n(k) = -22*k + 20. Suppose 4*r + 11 = -13. Let u be n(r). Calculate the greatest common divisor of u and 19.
19
Let r = -1128 + 1191. What is the highest common factor of 7 and r?
7
Let y(t) = -2*t**3 - 18*t**2 - 24*t + 4. Let g be y(-8). What is the highest common divisor of 442 and g?
34
Suppose t + 236 = 2*f, -5*t = -4 + 24. Suppose -3*z + i = 5*i - 158, -5*z - 3*i + 278 = 0. Calculate the highest common divisor of z and f.
58
Let q(c) = -22*c. Let x be q(1). Let m be (4/6)/(x/(-165)). What is the highest common factor of 45 and m?
5
Suppose 5*g - 1172 = -4*i, 0*i = -2*i - 3*g + 588. Let u be (4 - 58)/(-1*9/6). What is the greatest common factor of i and u?
36
Let f be (-1)/(-1)*(-1 + 11). Let p be 2/6 - 2944/12. Let v = -135 - p. What is the highest common factor of f and v?
10
Suppose 922*v + 4*h + 96 = 923*v, -3*h = -15. What is the greatest common factor of 145 and v?
29
Let c(h) = -4*h - 12. Let x be c(-12). Let a = -1 + x. Calculate the highest common factor of 14 and a.
7
Let v(u) = -u**3 - 8*u**2 - 11*u - 15. Le